= -l**2 - 10*l - 8. What is b(-8)?
8
Let u(r) = -52*r + 1305. What is u(25)?
5
Let f(z) = -20*z + 1. What is f(-1)?
21
Let m(l) = -5*l**2 - 20*l. Give m(-5).
-25
Let m(o) = 9*o + 131. Determine m(-14).
5
Let r(l) = l**2 + 14*l + 7. What is r(-5)?
-38
Let i(j) = 3*j**2 - 1. Calculate i(-1).
2
Let x(c) = c**2 + 15*c + 22. Give x(-13).
-4
Let l(o) = 10*o - 12. What is l(9)?
78
Let w(f) = -4*f + 10. Calculate w(5).
-10
Let y(h) = -h**3 - 10*h**2 - 14*h - 4. What is y(-8)?
-20
Let t(s) = s**2 + 15*s + 47. Determine t(-10).
-3
Let y(g) = 6*g**3 - g**2 + 2. Calculate y(-1).
-5
Let c(d) = -d**3 - 3*d**2 + 12*d + 16. Determine c(-5).
6
Let o(b) = -3*b**3 - 2*b**2 + 3*b + 3. Calculate o(-2).
13
Let d(q) = q - 8. Give d(-4).
-12
Let f(m) = -2*m**2 - 4*m + 3. Calculate f(-4).
-13
Let k(y) = y**3 + 3*y**2 - 3*y - 1. What is k(3)?
44
Let m(j) = j**3 - 10*j**2 - 10*j + 2. Give m(10).
-98
Let r(u) = 99*u - 695. Determine r(7).
-2
Let x(n) = -3*n**2 + 11*n + 2. Give x(5).
-18
Let r(v) = v**2 + 8*v - 14. Calculate r(-9).
-5
Let g(v) = 19*v + 30. Give g(-2).
-8
Let f(c) = -62*c - 8. Determine f(-1).
54
Let h(u) = u**2 - 8*u + 7. Calculate h(8).
7
Let h(t) = 27*t + 20. Calculate h(4).
128
Let b(i) = i**2 + 26*i - 37. Determine b(-27).
-10
Let v(a) = -a + 4. Calculate v(5).
-1
Let d(p) = 8*p + 107. What is d(-14)?
-5
Let b(g) = g**3 - 8*g**2 - 2*g - 8. Give b(8).
-24
Let h(d) = -d**3 + 2*d**2 + 2*d. Determine h(-2).
12
Let t(n) = -12*n**3 - 2*n**2 + 4*n + 1. Calculate t(1).
-9
Let p(r) = r**3 + 3*r**2 + 2*r - 2. What is p(-2)?
-2
Let w(x) = -2*x - 13. Determine w(10).
-33
Let f(m) = -m**3 - 4*m**2 + 3*m - 4. What is f(-4)?
-16
Let h(f) = f + 10. What is h(-6)?
4
Let c(g) = g**2 - 5*g + 5. What is c(5)?
5
Let q(w) = -3*w**2 + 36*w - 62. What is q(2)?
-2
Let p(j) = -3*j + 12. Give p(5).
-3
Let d(u) = -u**3 - 4*u**2 + 2*u + 2. What is d(-4)?
-6
Let o(k) = -2*k**2 - 32*k + 10. What is o(-16)?
10
Let b(k) = -2*k - 7. Determine b(-4).
1
Let m(j) = -11*j - 23. What is m(-3)?
10
Let a(u) = u**3 - 10*u**2 - 11*u - 6. Calculate a(11).
-6
Let o(d) = 7*d**2 + d - 1. What is o(-2)?
25
Let t(b) = -b**2 - 7*b + 12. Calculate t(-9).
-6
Let n(b) = -b + 3. What is n(2)?
1
Let u(x) = -x - 5. What is u(-2)?
-3
Let l(g) = -10*g - 114. Calculate l(-11).
-4
Let m(h) = -h - 17. Give m(7).
-24
Let f(l) = 9*l + 18. Determine f(-7).
-45
Let b(g) = g**2 - 9*g + 3. What is b(7)?
-11
Let a(k) = -k**2 + 4*k + 9. What is a(7)?
-12
Let m(s) = s**3 - 11*s**2 + 32*s - 13. What is m(8)?
51
Let c(u) = -u - 4. Calculate c(-6).
2
Let k(a) = -a**3 + 20*a**2 - 18*a + 6. Determine k(19).
25
Let l(a) = -a**3 + 3*a**2 + 4*a + 2. What is l(3)?
14
Let t(s) = 3*s**3 + 56*s**2 - 19*s + 4. Give t(-19).
4
Let p(f) = -f**3 + 22*f**2 + 25*f - 50. Calculate p(23).
-4
Let a(r) = r**3 + 10*r**2 + 15*r - 2. Determine a(-8).
6
Let b(h) = -4*h**2 + 18*h + 4. Calculate b(5).
-6
Let q(y) = y**3 + 7*y**2 - 22*y - 26. Give q(-9).
10
Let d(m) = -3*m + 9. What is d(3)?
0
Let h(r) = -r**3 + 6*r**2 - 10*r - 5. Give h(4).
-13
Let m(a) = a**3 - 28*a**2 + 27*a + 3. Determine m(27).
3
Let g(f) = 61*f**2 + 245*f + 13. Determine g(-4).
9
Let i(l) = -4*l + 23. Determine i(7).
-5
Let h(x) = -x**2 - 26*x - 122. Calculate h(-20).
-2
Let d(t) = -3*t + 12. What is d(4)?
0
Let h(y) = y - 6. What is h(15)?
9
Let m(t) = 4*t + 15. What is m(-6)?
-9
Let p(a) = -6*a - 69. Give p(-11).
-3
Let d(y) = -11*y**2 + 2*y + 2. What is d(2)?
-38
Let a(v) = 16*v**2 - 2*v - 6. What is a(-2)?
62
Let b(s) = -3*s**2 - 8*s - 3. Give b(-2).
1
Let d(t) = -t**2 - 26*t + 78. What is d(3)?
-9
Let t(d) = -d**3 + 4*d**2 - 4*d + 18. Calculate t(4).
2
Let y(k) = -6*k**2 - 4*k + 3. What is y(2)?
-29
Let m(c) = c**3 + 7*c**2 - 6*c - 5. Give m(-8).
-21
Let c(l) = 18*l - 470. What is c(25)?
-20
Let k(z) = 8*z - 2. What is k(-5)?
-42
Let d(a) = -54*a - 1. What is d(1)?
-55
Let h(a) = -a**2 + 5*a + 15. Give h(8).
-9
Let w(l) = l**2 + 15*l + 11. What is w(-12)?
-25
Let i(m) = -6*m**2 - 27*m - 11. Calculate i(-5).
-26
Let q(h) = -h + 2. Determine q(4).
-2
Let z(t) = 42*t**2 - t + 1. What is z(-2)?
171
Let b(q) = -q**3 - 10*q**2 - q - 14. Give b(-10).
-4
Let v(n) = n - 7. What is v(2)?
-5
Let x(k) = k**3 - 2*k**2 - 16*k + 3. Calculate x(5).
-2
Let u(n) = n - 1. Give u(6).
5
Let b(t) = 2*t + 7. Calculate b(-7).
-7
Let v(o) = -o**3 + 2*o**2 + 4*o - 12. Calculate v(2).
-4
Let g(c) = -10*c + 37. What is g(-8)?
117
Let i(s) = s**3 - 10*s + 5. Calculate i(4).
29
Let p(q) = -q**2 - 9*q - 15. Give p(-8).
-7
Let o(z) = 2*z**2 + z - 24. Calculate o(0).
-24
Let q(b) = -7*b + 89. Give q(15).
-16
Let r(i) = -2*i - 16. Determine r(-11).
6
Let b(g) = -g + 56. Give b(24).
32
Let b(i) = -i**2 - 13*i - 1. Determine b(-13).
-1
Let n(j) = j**3 + 6*j**2 + 6*j - 6. What is n(-5)?
-11
Let v(f) = -f**3 + 10*f**2 + 11*f + 12. Give v(11).
12
Let x(b) = -11*b + 5. Calculate x(2).
-17
Let i(j) = -j + 15. What is i(0)?
15
Let p(a) = -a**2 + 34*a + 73. What is p(35)?
38
Let q(v) = -2*v - 24. Give q(-19).
14
Let w(p) = -p**2 + p + 9. Calculate w(4).
-3
Let l(z) = -z**2 - 3*z + 14. Calculate l(-5).
4
Let c(x) = -2*x + 9. What is c(0)?
9
Let q(b) = 11*b + 128. What is q(-12)?
-4
Let k(b) = b**2 + 13*b + 30. Give k(-6).
-12
Let w(r) = r**2 - 4*r - 17. Give w(4).
-17
Let r(n) = n**2 - 11*n - 45. Calculate r(15).
15
Let g(n) = -25*n**2 - 674*n + 32. What is g(-27)?
5
Let u(a) = -3*a + 14. What is u(5)?
-1
Let r(a) = 6*a**3 - 4. What is r(-3)?
-166
Let i(s) = -s**3 + 38. Calculate i(0).
38
Let p(c) = -97*c**2 - c. What is p(1)?
-98
Let x(z) = -z**3 - 26*z**2 + 32*z + 43. Calculate x(-27).
-92
Let h(a) = a**3 - 9*a**2 + 3*a - 1. What is h(8)?
-41
Let w(m) = -2*m**3 + 2*m**2 + 2*m. What is w(2)?
-4
Let d(l) = -2*l**2 + 5*l + 3. What is d(6)?
-39
Let z(v) = 2*v**2 + 12*v + 24. Calculate z(-4).
8
Let a(h) = -4*h**2 - 11*h - 6. Give a(-3).
-9
Let d(t) = -75*t - 976. Determine d(-13).
-1
Let y(u) = u**3 + 5*u**2 + 4*u + 10. What is y(-5)?
-10
Let n(g) = g**3 + 4*g**2 - g - 8. Give n(-4).
-4
Let r(v) = -v**2 + 14*v + 101. Determine r(21).
-46
Let w(d) = -2*d**3 - 4*d**2 + 8*d + 4. Calculate w(-4).
36
Let w(p) = -p**2 - 6*p - 1. Determine w(-5).
4
Let z(y) = -y**2 + 9*y - 3. What is z(6)?
15
Let h(f) = f**3 + 4*f**2 + f. Give h(-1).
2
Let z(m) = m - 5. Give z(3).
-2
Let b(g) = g**3 - 11*g**2 + 17*g + 6. Calculate b(9).
-3
Let m(q) = -2*q + 19. Give m(10).
-1
Let u(w) = -w**2 + 17*w + 58. Determine u(20).
-2
Let z(u) = 4*u**2 - 89*u + 25. What is z(22)?
3
Let x(s) = 2*s - 8. Determine x(-4).
-16
Let j(r) = -16*r**2 + 2*r + 1. Give j(-1).
-17
Let h(r) = -7*r + 43. What is h(5)?
8
Let c(w) = -w**2 - 2*w - 7. What is c(0)?
-7
Let v(c) = -c**3 - 9*c**2 + 37*c + 13. Give v(-12).
1
Let c(d) = d - 1. Determine c(6).
5
Let j(k) = k**2 + 2*k - 3. Calculate j(7).
60
Let y(g) = -28*g - 83. Determine y(-3).
1
Let y(i) = 2*i + 52. Determine y(-16).
20
Let g(c) = c**2 - 10*c - 32. Determine g(13).
7
Let r(c) = 7*c - 134. Determine r(23).
27
Let x(j) = 116*j - 1283. Give x(11).
-7
Let d(q) = -16*q**2 - 3*q - 2. Determine d(-1).
-15
Let c(q) = q**2 + 3*q + 3. Determine c(3).
21
Let s(y) = -y**3 - 11*y**2 + 7*y - 85. Determine s(-12).
-25
Let o(q) = -5*q - 38. Determine o(-11).
17
Let i(c) = -c**3 - 47*c**2 - 43*c + 172. Determine i(-46).
34
Let z(p) = p**2 + 8*p + 2. Give z(-6).
-10
Let u(i) = -i**3 - 3*i**2 + i - 2. Determine u(3).
-53
Let z(k) = -15*k**2 - 4*k - 1. What is z(-1)?
-12
Let y(d) = -d**3 + 5*d**2 - 12*d. What is y(5)?
-60
Let p(y) = 2*y**3 + 3*y**2 + y. Give p(-2).
-6
Let d(f) = -f**2 + 14*f + 1. Determine d(16).
-31
Let f(x) = -7*x**2 + 6*x - 11. Determine f(5).
-156
Let c(m) = -m + 21. Determine c(-11).
32
Let a(m) = 7*m - 70. Give a(11).
7
Let n(c) = c**2 - 10*c + 10. Determine n(7).
-11
Let r(g) = -13*g - 115. Give r(-7).
-24
Let f(v) = -13*v + 436. Determine f(33).
7
Let w(z) = z**3 + 7*z**2 + 4*z. Calculate w(-3).
24
Let j(s) = -121*s + 727. Determine j(6).
1
Let c(j) = 2*j - 29. What is c(5)?
-19
Let x(p) = 38*p - 11. What is x(3)?
103
Let s(q) = 2*q**2 - 6*q + 4. Calculate s(4).
12
Let n(m) = -4*m**3 + 1. Calculate n(1).
-3
Let f(l) = -l**3 + 9*l**2 - 21*l + 9. Calculate f(6).
-9
Let h(y) = -y**3 - 7*y**2 - 14*y - 39. Determine h(-6).
9
Let b(p) = p**2 - 4*p + 7. Give b(4).
7
Let c(n) = -4*n + 21. Give c(-1).
25
